e f = 1 + 1. Suppose -f*u = -5*u + 36. Suppose -3 = -5*w + u. Calculate d(w).
-11
Let q(c) be the third derivative of c**4/24 + 112*c**2. What is q(-5)?
-5
Suppose -3*u - 40 = -2*u - 5*j, -70 = 5*u + j. Let n = -9 - u. Let i(f) = -f + 5. Give i(n).
-1
Let d(x) = 4*x**3 - 2*x**2 + 5*x - 5. Let b(w) = -2*w**3 + w**2 - 2*w + 2. Let r(o) = -7*b(o) - 3*d(o). Let s = -6 + 7. Let h be (s/3)/(1/3). Calculate r(h).
1
Suppose -22*j + 15 = -25*j. Let p(t) = t**3 + 5*t**2 + t + 5. Calculate p(j).
0
Let k(t) = t**3 + 4*t**2 + 4. Let z be k(-4). Let r be (-5)/15*4*(-1 + z). Let l(f) = -f - 3. Calculate l(r).
1
Let g(d) = 5 + d + 0 + 11 - 11. Determine g(-8).
-3
Let z be 6 + (5 - (-95)/((-15)/3)). Let q(b) = 9*b + 74. Give q(z).
2
Let d = 8 - 5. Let l(z) be the first derivative of z**3/3 - 5*z**2/2 + 2*z - 46. What is l(d)?
-4
Let f(j) be the second derivative of 1/2*j**2 - 1/20*j**5 - 3/2*j**3 - 2/3*j**4 + 17*j + 0. What is f(-7)?
15
Let z(v) = -v**3 - 2*v**2 - v - 2. Suppose 2 = 4*w + 3*q - 2, -4*w - 2*q = 0. Calculate z(w).
0
Let n(c) be the second derivative of c**4/12 - 7*c**3/6 + 11*c**2/2 - 20*c. Let t be n(5). Let x(s) = 8*s**3 + s**2. What is x(t)?
9
Let m = 209 + -210. Let j(c) = -5*c**2. What is j(m)?
-5
Let u(h) be the second derivative of -h**5/20 + 13*h**4/12 + 7*h**3/3 + 3*h**2/2 - 73*h. Give u(14).
3
Let p(h) = -4*h**2 + 5*h**2 + 6 + 0*h**2 - 1. Calculate p(0).
5
Let s(x) be the second derivative of x**5/20 - x**4 + 11*x**3/6 + 7*x**2/2 - 60*x. Give s(11).
7
Let w(l) = -l + 1. Let f = -29 + 29. Suppose -3*h + 15 = 2*j, 0*h - h - 4*j + 5 = f. Suppose -4*r + 3*y = -y - 8, -5*r = -2*y + h. What is w(r)?
4
Let n(d) = -6*d**3 + 5*d**2 - d - 5. Let x be (-3 - -1) + 3 + 3. Let a(h) = 5*h**3 - 4*h**2 + h + 4. Let l(p) = x*n(p) + 5*a(p). Determine l(2).
10
Let p(l) = -7*l + 17 - 15 + 9*l - l**2 + 7*l. Calculate p(9).
2
Let h be 5 - ((-1)/2)/(1/2). Let n(c) = 1 + h*c - 18*c + 7*c. Give n(1).
-4
Let z(u) = 2*u - 4. Suppose 0*s - s = 45. Let c be (-2756)/(-30) + (-6)/s. Let n be c/16 - (-2)/8. Give z(n).
8
Let a(f) = -2*f**3 + 2*f**2 - 1. Let k(c) = c**2 - 5*c - 1. Let z = 29 - 24. Let i be k(z). Give a(i).
3
Let n(w) = w**2 - 6*w + 10. Let b be n(4). Let k(j) be the third derivative of 0*j + 0 + 6*j**b + 1/24*j**4 - 1/60*j**5 + 1/2*j**3. Calculate k(4).
-9
Let o(b) = -b**3 + 5*b**2 - 2*b + 4. Let t(l) = l**2 + 4*l + 2. Let p be t(-6). Let d = -24 + p. Let s(n) = n**2 + 11*n + 15. Let k be s(d). Give o(k).
-6
Let h be 90/3 - (-3 + 3). Let q = 36 + -36. Suppose -4*y = -c - 3 - 12, q = -4*y - 2*c + h. Let l(x) = -x + 1. What is l(y)?
-4
Let r(p) be the second derivative of p**5/20 - p**4/12 - 5*p**3/6 + 2*p**2 + 41*p. Determine r(3).
7
Let f(r) = 4*r**3 + 5*r**2 + 7. Let l(m) = -m**3 + m. Let i(k) = -f(k) - 5*l(k). Let n(u) = u**2 + 2. Let c be n(2). Determine i(c).
-1
Let i(o) = -o - 3. Let c(g) = g**2 + 8*g - 3. Let n be (-3 + (-4)/(-2))*-13. Suppose 5*a = -27 - n. Let t be c(a). Calculate i(t).
0
Let x(q) = 6 + q**2 - 10*q**2 - 5. Let r be x(-1). Let w(d) = d**2 + 9*d + 2. Determine w(r).
-6
Suppose -10 = 16*r + 22. Let t(a) = -5*a**2 - 2*a - 3. Give t(r).
-19
Let t(p) = -2*p**3 + 5*p**2 - 4*p + 5. Let b(a) = a**3 - 6*a**2 + 5*a - 6. Let q(m) = 5*b(m) + 6*t(m). Let v be 0 + ((-9)/3 - -2). Give q(v).
6
Let o(g) = 2*g**2 + 2*g**2 - 5*g + 5 - 5*g**2 + 3*g. Let j(u) = 2*u**2 + 4*u - 9. Let b(p) = 2*j(p) + 5*o(p). What is b(-6)?
-17
Let h be (-296)/(-20) - 3 - 1/(-5). Let r(b) = -3*b + 32. Let d be r(h). Let p(w) = w**2 + 5*w - 1. What is p(d)?
-5
Let d(y) = 18*y**2 - 7*y - 1. Let l(r) = -8*r**2 + 4*r. Let b(t) = 3*d(t) + 7*l(t). Give b(5).
-18
Let j(i) = -i**3 + 7*i**2 - 4*i + 8. Let b(g) = g**2 + 9*g - 46. Let a be b(-13). Give j(a).
20
Let n(r) be the first derivative of -1/12*r**4 + 4*r - 3 - 1/2*r**2 + 1/6*r**3. Let w(k) be the first derivative of n(k). Determine w(0).
-1
Suppose 3*h - 3 = -3*m, -h - 5 = 4*m - 15. Let d(v) = 4*v**2 + v + 1. Determine d(h).
15
Let v(w) = w**3 - 2*w**2 - 7*w - 5. Suppose 5*q - 5*h - 20 = -2*h, -4*q + 16 = h. Determine v(q).
-1
Suppose -2*g - 13 = 5*p, 2*g - p = 7*g + 21. Let q be (g + 3)/(2/8). Let f(k) = -k**3 - 5*k**2 - 6*k - 5. Calculate f(q).
3
Let v = 144 - 197. Let b = 56 + v. Let c(n) = n**3 - 4*n**2 + 3*n + 3. Give c(b).
3
Let n(j) = 10*j + 53. Let u(b) = 3*b + 18. Let z(v) = 2*n(v) - 7*u(v). Determine z(-10).
-10
Let x(j) = -j**3 + 6*j**2 - 7*j + 2. Let p = 5 + -1. Let v = 123 + -121. Suppose -v*z + 30 = p*z. Calculate x(z).
-8
Let a(k) be the second derivative of -k**5/5 - k**4/12 - k**3/6 + k. Let b be -14*((-54)/(-12) - 5) - 8. Calculate a(b).
4
Let w = 40 - 23. Suppose 5 = 2*u + w. Let c(b) = b**2 + 7*b. Calculate c(u).
-6
Let j = -16 + 10. Let k be j/(-4) + (-9)/18. Let i be (2 - (-2 - -3))*k. Let t(a) = -9*a + 1. Calculate t(i).
-8
Let f(m) = -2*m**3 - 52*m**2 + m + 34. Let a be f(-26). Let z(t) = t**3 - 7*t**2 - 6*t - 5. Calculate z(a).
11
Suppose -4*w - 9 = -w, 0 = -m + 4*w + 7. Let b(a) = a + 13. Let v be b(m). Let h(n) = n**3 - 8*n**2 + 3*n - 3. Calculate h(v).
21
Let r(w) = -37*w + 5. Let v(n) = -1. Let t(h) = r(h) + 5*v(h). Let z be t(1). Let o = z - -31. Let l(m) = -m - 14. Give l(o).
-8
Let o(j) = -25*j + 1. Let u(x) = -x**2 - 32*x - 248. Let r be u(-13). Determine o(r).
26
Suppose g = 4*f + 24, -f = -4*g + 30 - 24. Let q(d) = -6*d - 29. Determine q(f).
7
Let b(v) = v**3 + 3*v - 3. Let d(g) = -4*g + 4. Let o be (1 + -9)/((-28)/14). Let c be d(o). Let k = c + 14. Give b(k).
11
Let q be 2*(0 - -2 - 1). Suppose q*w = -w + 12. Let t(h) = -h - 3. What is t(w)?
-7
Let n(y) = -3*y - y - 1 + y - 10*y. Let i(t) = -t**3 + 13*t**2 - 12*t - 1. Let s be i(12). What is n(s)?
12
Suppose -33 = 5*i - 3. Let t(z) = -2*z**2 - 5*z + 4. Let v(f) = f + 2. Let x be v(-3). Let k(w) = w**2. Let g(n) = x*t(n) - k(n). Calculate g(i).
2
Let a(m) be the second derivative of -m**3/3 + 13*m**2/2 + 199*m. Give a(7).
-1
Let h = 148 + -147. Let x(b) = -8*b + 1. Calculate x(h).
-7
Let g(t) = 25*t**3 + 3*t**2 - 2*t. Let d(n) = -21*n**3 - 2*n**2 + 2*n. Let r(k) = -6*d(k) - 5*g(k). What is r(3)?
-6
Let m(y) = 23 - 12*y**2 + 17900*y**3 - 17901*y**3 + 8 + 15*y. Determine m(-13).
5
Let f(k) be the second derivative of k**4/4 + 3*k**3/2 + k**2/2 - 11*k. Let t(s) = 4*s**2 + 10*s + 1. Let p(d) = 7*f(d) - 6*t(d). Give p(-2).
-17
Let p(h) = -h**3 + 3*h**2 - 5*h + 38. Let k be p(4). Let s(z) = -z**3 + 2*z**2 + z - 2. Determine s(k).
0
Let d(b) = 2*b - 1. Let q = -38 + 30. Let x(f) = -f - 13. Let p be x(q). Give d(p).
-11
Suppose -i - 3*i = 0, -3*r = 2*i - 15. Let w(y) = -11*y - 1. Let x(v) = -5*v. Let c(h) = 4*w(h) - 9*x(h). Calculate c(r).
1
Let g(m) = 12*m + 110. Let l be g(-9). Let j(b) = -2*b**2 - 4*b + 2. What is j(l)?
-14
Let y(s) = 3*s**3 - 14*s**2 + 45*s - 3. Let v(l) = -8*l**3 + 40*l**2 - 123*l + 9. Let w(u) = 4*v(u) + 11*y(u). Let i be 1/1 - (5 + 1). Give w(i).
13
Let u be 102/48 + 2/(-16). Let z(m) = -4*m**2 + 5*m + 6*m**u + 0*m - 2*m - 4 - m**3. What is z(3)?
-4
Let s(j) = j**3 + 2*j**2 + 4. Let v be s(-3). Let h(a) = 2*a**2 - 22*a + 12. Let m(g) = -6*g + 1. Let r(z) = -h(z) + 5*m(z). Calculate r(v).
-17
Let c(o) = -o. Let r(h) = -2*h + 1. Let f(w) = 5*c(w) - 4*r(w). Let k(a) = 3*a**2. Suppose 2*m + 3 = 5. Let j be k(m). Give f(j).
5
Let i(x) be the third derivative of -x**6/360 - x**5/60 + x**4/24 - 7*x**3/6 + 18*x**2. Let a(h) be the first derivative of i(h). Calculate a(-4).
-7
Let s(k) = -9*k**2 + 12*k + 11. Let p(h) = 2*h**2 - h + 1. Let o(z) = 5*p(z) + s(z). Determine o(-7).
16
Let l(x) = -16*x**3 + x**2 + 33*x**3 - 16*x**3. Let n be l(-1). Let f(w) = w**3 + w - 5. What is f(n)?
-5
Let z be ((1 - 0)*-41)/(-1). Let f(w) = z + 43 + 5*w**2 - 82. What is f(-2)?
22
Suppose 0 = -2*r + 4*q - 14, 4*r - 3*r - q = -2. Let w(g) = -4*g**2 + 4*g. Determine w(r).
-24
Let y(o) = -o**2 - 12*o - 33. Let w be y(-5). Let n(g) be the third derivative of 0 + 0*g**4 + 0*g**5 + 3*g**w + 0*g + 1/12*g**6 + 1/6*g**3. Determine n(-1).
-9
Let z(m) = m. Suppose 0 = -0*v + 5*v - 25. Suppose -v*j + 8 = -j. Suppose r + 1 = 3*r - 5*s, -j*s = 2*r - 8. Calculate z(r).
3
Let n = 94 + -88. Let v(m) = 35*m**3 + 17*m**2 - 3. Let g(a) = 12*a**3 + 6*a**2 - 1. Let t(w) = n*v(w) - 17*g(w). Give t(1).
5
Let m(h) = -10 + 0 + h**2 - 19*h - 14 - 17. Calculate m(21).
1
